d 7?
7
Calculate the highest common divisor of 76 and 63498.
38
Calculate the greatest common factor of 13 and 10986287.
13
What is the highest common divisor of 2870 and 790?
10
What is the greatest common divisor of 50726 and 182?
26
Calculate the highest common divisor of 11 and 8112.
1
Calculate the highest common factor of 450145 and 3199.
457
What is the highest common factor of 1317 and 5?
1
Calculate the highest common divisor of 25 and 55325.
25
Calculate the highest common divisor of 2463074 and 62.
62
What is the greatest common factor of 1365 and 11895?
195
What is the highest common divisor of 26358 and 1794?
138
What is the greatest common divisor of 103989 and 408?
51
Calculate the greatest common factor of 51 and 4200.
3
Calculate the highest common divisor of 116 and 136474.
58
What is the greatest common factor of 1302 and 366?
6
Calculate the greatest common factor of 39993 and 66.
3
What is the highest common divisor of 4060 and 334370?
290
What is the greatest common divisor of 564 and 14147?
47
What is the greatest common factor of 173455 and 1695?
565
What is the highest common divisor of 3388 and 124432?
308
What is the greatest common divisor of 24157 and 442?
17
What is the highest common factor of 4061 and 16375?
131
What is the greatest common divisor of 2556 and 20164?
284
Calculate the highest common divisor of 510531 and 414.
69
What is the greatest common factor of 19628792 and 151?
151
What is the greatest common divisor of 82392 and 72?
24
Calculate the highest common divisor of 451 and 2002.
11
What is the greatest common divisor of 621 and 216378?
27
Calculate the greatest common factor of 167916 and 3108.
84
What is the greatest common divisor of 2825895 and 690?
345
Calculate the greatest common factor of 283074 and 132.
66
What is the greatest common divisor of 192 and 102444?
12
Calculate the highest common divisor of 573 and 8213.
191
Calculate the greatest common divisor of 133 and 6496.
7
Calculate the greatest common divisor of 791 and 915187.
791
Calculate the highest common factor of 74241 and 9605.
113
What is the highest common factor of 46700 and 60?
20
Calculate the greatest common factor of 5425 and 36673.
217
Calculate the greatest common factor of 5265 and 4277.
13
What is the highest common factor of 192 and 595968?
192
Calculate the highest common divisor of 3 and 6117.
3
What is the highest common divisor of 65 and 10895?
5
What is the highest common factor of 1271 and 11098?
31
Calculate the greatest common factor of 30525 and 66.
33
Calculate the highest common factor of 482444 and 87.
29
Calculate the highest common divisor of 8881 and 83.
83
Calculate the highest common factor of 5 and 6225950.
5
What is the highest common divisor of 276 and 8622792?
276
What is the greatest common divisor of 116 and 3908?
4
What is the greatest common factor of 1039076 and 940?
188
Calculate the greatest common divisor of 776 and 89434.
194
Calculate the highest common factor of 136 and 6760.
8
Calculate the highest common factor of 23397 and 891.
33
What is the highest common divisor of 97 and 501?
1
What is the highest common divisor of 306 and 10481928?
102
What is the greatest common factor of 126 and 32067?
63
What is the greatest common divisor of 245 and 12656?
7
Calculate the greatest common divisor of 99 and 422046.
9
What is the greatest common factor of 4128 and 1968?
48
What is the highest common factor of 1196 and 4316?
52
Calculate the highest common divisor of 56 and 13912.
8
What is the greatest common factor of 202400 and 25553?
253
Calculate the highest common divisor of 317813 and 4902.
817
What is the greatest common factor of 9 and 157?
1
Calculate the greatest common factor of 1806 and 1923.
3
What is the highest common factor of 17040 and 79440?
240
Calculate the highest common factor of 86 and 26.
2
What is the highest common divisor of 377 and 4667?
13
Calculate the greatest common divisor of 17980 and 914080.
580
Calculate the highest common divisor of 18900 and 630840.
420
What is the greatest common factor of 275 and 4575?
25
What is the highest common divisor of 24 and 205512?
24
Calculate the greatest common factor of 1938 and 114.
114
Calculate the greatest common divisor of 105195 and 45.
15
Calculate the highest common factor of 10452 and 241200.
804
Calculate the highest common divisor of 34 and 39438.
2
Calculate the greatest common factor of 249 and 116117.
83
What is the highest common factor of 1695 and 45426?
339
What is the highest common factor of 70 and 381430?
70
What is the greatest common factor of 4788 and 2400?
12
Calculate the greatest common factor of 6 and 605.
1
What is the highest common factor of 51012 and 72?
36
Calculate the highest common divisor of 132 and 473440.
44
Calculate the greatest common divisor of 3627 and 54777.
93
Calculate the highest common factor of 904 and 1200.
8
Calculate the highest common factor of 649 and 10736.
11
What is the greatest common divisor of 203312 and 582?
194
Calculate the highest common factor of 64232 and 1240.
248
Calculate the highest common factor of 18650 and 17000.
50
What is the greatest common divisor of 388 and 69549?
97
What is the greatest common divisor of 369 and 99343?
41
What is the highest common divisor of 6348 and 156?
12
Calculate the greatest common divisor of 1665 and 1332.
333
What is the greatest common divisor of 21289 and 122?
61
What is the highest common divisor of 1152 and 6354?
18
What is the highest common factor of 294 and 21?
21
What is the greatest common divisor of 25379 and 82?
41
Calculate the greatest common factor of 91011 and 207.
69
Calculate the highest common divisor of 4756040 and 40.
40
Calculate the highest common factor of 110330 and 38350.
590
What is the highest common divisor of 1150 and 25150?
50
What is the greatest common factor of 760 and 980?
20
Calculate the highest common divisor of 4291 and 237231.
613
What is the highest common divisor of 2562 and 2226?
42
What is the highest common divisor of 9021 and 873?
291
What is the highest common factor of 121 and 29?
1
What is the highest common factor of 34970 and 156?
26
Calculate the highest common divisor of 54530 and 630.
70
What is the highest common divisor of 50 and 537775?
25
What is the greatest common factor of 19044 and 40?
4
Calculate the greatest common factor of 256861 and 1672.
209
Calculate the greatest common factor of 88 and 72402.
22
Calculate the greatest common divisor of 476 and 340.
68
Calculate the highest common divisor of 14592 and 300.
12
Calculate the greatest common factor of 845 and 1625.
65
Calculate the highest common factor of 375700 and 260.
260
Calculate the highest common divisor of 265856 and 62.
62
What is the greatest common divisor of 412090 and 145?
145
Calculate the greatest common divisor of 244 and 253089.
61
Calculate the highest common divisor of 87163 and 101.
101
What is the highest common factor of 9531 and 27?
27
What is the highest common factor of 122 and 532347?
61
What is the greatest common factor of 8704 and 21872?
16
Calculate the highest common factor of 38 and 18829.
19
What is the greatest common factor of 678640 and 816?
272
What is the highest common factor of 922566 and 12?
6
What is the highest common factor of 1713 and 156?
3
Calculate the highest common divisor of 553 and 20777.
79
What is the greatest common factor of 900 and 188532?
36
Calculate the highest common divisor of 10320 and 2451.
129
Calculate the greatest common divisor of 11086 and 3856.
482
What is the highest common factor of 255 and 9605?
85
What is the greatest common factor of 3628 and 3416?
4
What is the greatest common factor of 22594 and 234?
26
What is the greatest common factor of 102060 and 72?
36
Calculate the highest common factor of 2916 and 68364.
324
Calculate the greatest common divisor of 32076 and 6336.
396
What is the highest common factor of 4 and 37970?
2
Calculate the highest common divisor of 8 and 21853.
1
What is the highest common factor of 8333 and 181403?
641
Calculate the highest common factor of 20609 and 17267.
557
What is the greatest common factor of 60433 and 1784?
223
What is the highest common divisor of 4976388 and 12?
12
What is the gre